 v. Suppose -v*t = -11*t - 155. What is the units digit of t?
5
Suppose -26*h + 22791 = 1445. What is the hundreds digit of h?
8
Let k = 3 - -52. Let a = k - 21. What is the units digit of a?
4
Let o = -74 + 81. Suppose -o*c + 1638 = 35. What is the units digit of c?
9
Let n(j) = -4*j - 5. Let w = 23 + -28. Let z be n(w). What is the units digit of 5/(z/(-9)) + 14?
1
Let p = 65 + -89. What is the units digit of (p/(-21))/4 - 803/(-7)?
5
Let d = 474 - 302. Suppose -3*t + d = -3*k + k, 0 = -5*t - 2*k + 260. What is the tens digit of t?
5
Suppose 30 + 2882 = 2*y. What is the tens digit of y?
5
Let b be (185/2 - -2 - 3)*2. Let s = b - 99. What is the tens digit of s?
8
Suppose j + 146 = 1. Let x = j + 162. What is the tens digit of x?
1
Suppose 27*p - 3815 = 31420. What is the units digit of p?
5
Let o(w) = 9*w**3 - 2*w**2 - 19*w + 44. What is the tens digit of o(5)?
2
Let p be (-10968)/(-21) - 6/21. Suppose 0 = -2*a + k + k + p, -5*a + 1285 = 5*k. What is the tens digit of a?
5
Let n(o) = -o**2 + 3*o - 2. Let w be n(4). What is the tens digit of (0 + 114)*w/(-12)?
5
Let j = -611 - -1522. What is the units digit of j?
1
Let x(q) = -55*q - 677. What is the hundreds digit of x(-27)?
8
Let q = -2090 + 3228. What is the hundreds digit of q?
1
Suppose p + 14 = 4*u + 3*p, 2*p = u - 6. Suppose -u*z + 451 = -3*v, -3*v = 4 - 1. What is the tens digit of z?
1
Suppose 2*h - h - 4 = 0. Suppose 15*y = h*y + 33. What is the units digit of y?
3
Let i = 47 + -17. What is the units digit of 1302/8 - i/40?
2
Suppose -4*w - 3*z + 737 = 0, -3*w - 2*z = w - 738. Let g = -47 + w. What is the tens digit of g?
3
Let y(l) = -l**2 - 18*l - 14. Let i be y(-12). Suppose i = 2*t - 4. Suppose -3*g = 4*z - 49, -4*g = -4*z - g + t. What is the tens digit of z?
1
Let k be 3 + -4 + 1 + 4. Let v be (42/9 - k)*-93. What is the tens digit of (v/3)/(6/(-9))?
3
Suppose -185 = 5*s - 575. Suppose -d + s = -44. What is the tens digit of d?
2
Let h = -47 + 52. Suppose 2*p = -h*r + 196, 2*p + 444 = 6*p - 3*r. What is the hundreds digit of p?
1
Suppose 2*k = 3*y - 5*y - 202, 3*y - 89 = k. Let u = k - -125. What is the tens digit of u?
2
Suppose -m + 15 = 3. Let t be 11 + (-4)/(m/(-9)). What is the units digit of t/((-7)/(28/(-8)))?
7
Let g be (14/7 + 32/(-5))*-30. Let k = -87 + g. What is the units digit of k?
5
Let g(c) = c + 11. Let r be g(-7). Suppose -5*u + 4 = -6, 0 = -4*v + r*u - 112. Let n = 43 + v. What is the tens digit of n?
1
Let c = -15 + 270. What is the hundreds digit of c?
2
Suppose 4*n - r - 5339 = 0, 2*n - 5*r + 5369 = 6*n. What is the units digit of n?
6
Let a = -8 + 10. Suppose n = -u + 6, -3*n = u - 24 + a. What is the tens digit of 2/n + 1757/28?
6
Suppose 30 = 2*m - 3*s, 3*s = 5*m - m - 54. Suppose 7*z - 15*z = 0. Suppose 9 = i + 4*d, 2*i + 2*d - m = -z*i. What is the units digit of i?
5
Let a = 5 - 8. Let m(g) = 9*g**2 + 4*g. Let z be m(a). Suppose 3*l = 2*l + z. What is the units digit of l?
9
Let y be -67*4/(-16) - 3/(-12). What is the hundreds digit of (30/34 + 2/y)*245?
2
Let g = -47 - -31. Let v = g + 34. What is the units digit of v?
8
Suppose 0 = 5*s + 4 - 14. Suppose -2*o - 21 = -4*o - 3*q, -3*o + 2*q = -38. Suppose s*n + n = o. What is the units digit of n?
4
Let l = -79 - -84. Suppose 0*y + 3*z + 290 = l*y, 5*z = -y + 30. What is the units digit of y?
5
Let m(j) = 58*j + 7*j - 10 - 4. What is the units digit of m(4)?
6
Let v(a) = -a**3 + 2*a**2 + a + 47. Suppose -2*d + 60 = d + 5*s, 5*s + 80 = 4*d. Let z = -20 + d. What is the tens digit of v(z)?
4
Suppose 0 = 8*k - 3*k - 10. Let w be (-12)/((-9)/3) - k. What is the tens digit of 31/w - (-7)/14?
1
What is the units digit of ((-18)/6 - -1 - -933) + -5?
6
Let v be ((-172)/6)/(22/33). Let r = -26 - v. What is the tens digit of r?
1
Let b(g) = 3*g**2 - 15*g - 41. What is the hundreds digit of b(-16)?
9
Let x(k) = -26*k - 15. Let b be x(-8). Suppose -u - 264 = -4*o - 3*u, 3*o - b = u. What is the tens digit of o?
6
Let i be ((-18168)/(-102) - 3) + (-4)/34. Suppose 77 = -a + i. What is the tens digit of a?
9
Suppose 4*b = -3*k + 189 - 43, 2*k = 5*b + 105. What is the units digit of k?
0
What is the units digit of (1 + 41)*48/(-126)*-36?
6
Suppose -6*q + 4 = -20. Let n = 42 + q. What is the units digit of n?
6
Suppose 0 = -4*y + 5*y. Let z(j) = j**3 + 7*j**2 + j + 12. Let l be z(-7). Suppose y = -t - 1 + l. What is the units digit of t?
4
Suppose 5*o - 2*z - 1482 = 397, 4*o - 4*z = 1508. What is the hundreds digit of o?
3
Suppose -i - 32 = i. Let x be (-4)/(-6)*(-168)/i. Let d(w) = -w**3 + 8*w**2 - 4*w - 2. What is the tens digit of d(x)?
1
Let x(j) = -j**3 - 5*j**2 + 6. Let a be x(-5). Suppose 16*h + 325 - 85 = 0. What is the units digit of (234/(-15))/(a/h)?
9
Let w(h) = -6*h + 37. Suppose -6*i = -7*i - 25. What is the hundreds digit of w(i)?
1
Suppose 11*n - 303 = 5. What is the tens digit of n?
2
Let b = 1159 - 646. What is the hundreds digit of b?
5
Suppose 4*h - 45 = -2*m + 81, 3*m - 178 = 5*h. What is the tens digit of m?
6
Suppose -r = 3*q - 6881, q + 3*r = -578 + 2861. What is the hundreds digit of q?
2
Let m(o) be the third derivative of o**5/5 - 5*o**4/12 + 5*o**3/3 - 8*o**2. What is the tens digit of m(4)?
6
Let i be -6 + 2 - (-11 - -2). Suppose 4*v - 2*k = 5*v, i*k + 18 = 2*v. Suppose -v*m + 420 = 2*m. What is the tens digit of m?
7
Let o(q) be the second derivative of -q**5/20 + 7*q**4/12 + 2*q**2 + q. Let h be o(7). Suppose i + 45 = h*i. What is the tens digit of i?
1
Let f be (-4)/(-3) + (-35)/(-3). Let x = -2 + f. What is the units digit of x?
1
Suppose 3*s - f - 3360 = 3282, 2*s - 4435 = 3*f. What is the hundreds digit of s?
2
Suppose -11*w - w = -6564. What is the hundreds digit of w?
5
Suppose 2*t + 4*m + 28 = -0*t, 2*t + 2*m + 18 = 0. Let s be -4*1/1 - t. Suppose -5*c = -s*c - 110. What is the tens digit of c?
2
Let o = 740 - -2432. What is the tens digit of o?
7
Suppose 3*l + o - 3572 = 0, 1169 = -5*l + 6*l - 4*o. What is the units digit of l?
9
Let b = -20 + 22. Suppose -3*g = b*g - 235. What is the units digit of g?
7
Let j be (2/(-6))/((-4)/12*1). What is the units digit of (8 - 2 - 2) + (184 - j)?
7
Let k = 57 - 49. Suppose -41 = -k*z + 191. What is the units digit of z?
9
Let k be 2/3 - 225/(-27). Let a = k + -1. Suppose -210 = -13*x + a*x. What is the tens digit of x?
4
Let b = 22 - 16. Let r be 511/b - 9/54. Let v = -59 + r. What is the units digit of v?
6
What is the units digit of 1992/(5 - 3) - 6?
0
Suppose 2*d + 1014 = 4*v, 2*d - 1002 = -6*v + 2*v. Let x = v - 151. What is the hundreds digit of x?
1
Let g = -1480 - -3610. What is the thousands digit of g?
2
What is the hundreds digit of (-490102)/(-814) - 1/11?
6
Let l(m) = 2383*m**2 + 11*m + 9. What is the units digit of l(-1)?
1
Let a = 284 + -263. What is the tens digit of a?
2
Let u(s) = -s**3 + 19*s**2 - 24*s + 14. What is the units digit of u(13)?
6
Suppose 4*o - 500 = -x, 3*x + 69 = o - 56. Let p = o - 36. What is the tens digit of p?
8
Suppose 7 = -3*t - 2, -5*m = -4*t - 82. Let i be (-24)/(-14) - (-4)/m. Suppose v - 34 = 5*l, -i*l - 4 = 2*v - 24. What is the units digit of v?
4
Suppose 6*p + 1115 - 6701 = 0. What is the tens digit of p?
3
Let b be 2/(-6) + -346*(-5)/15. Suppose -64*d = -65*d + b. What is the tens digit of d?
1
Let o(f) = -2*f**3 - 8*f**2 + 11*f + 10. Let j = -79 + 72. What is the tens digit of o(j)?
2
Suppose 0 = -2*t, 9*t + 15 = -5*x + 5*t. What is the units digit of ((-1484)/35)/(34/(-10) - x)?
6
What is the tens digit of ((-22)/6 + 3)*-294?
9
Suppose -4*u + 24*m - 25*m + 10701 = 0, 3*m + 8007 = 3*u. What is the thousands digit of u?
2
Let j be (5/2)/((-7)/(-14)). Suppose j*s = -5*o + 2*s + 361, -79 = -o - 4*s. What is the tens digit of o?
7
Let u(y) = 8*y**3 - 4*y**2 + 4*y + 1. Let o be u(3). Let t = o - 118. Suppose -3*b - 2*b + t = 0. What is the tens digit of b?
1
Let j = -15 - -20. Suppose j*v + 0 = 5. Let a(x) = 23*x - 1. What is the tens digit of a(v)?
2
Suppose 2*u + 48 = 5*u. What is the tens digit of 4/u - 302/(-8)?
3
Suppose -4*s + 29 = 5*c - 27, -c + s = -4. Suppose 0 = c*r - 6*r - 306. What is the hundreds digit of r?
1
Suppose 0*c + 5*c - 650 = 0. What is the tens digit of c?
3
Let a = 43 - 47. What is the units digit of (16/(-6))/(5/330*a)?
4
Let a(z) = -z**3 - 6*z**2 - 3*z - 7. Let u b